git of l(-4)?
4
Suppose y + 5 = 2*y + 3*k, 2*y - 35 = -k. What is the tens digit of y?
2
Let u(c) = 4*c + 38*c**2 + 4*c - 5 + c**3 - 43*c**2. What is the tens digit of u(5)?
3
Let j be -1 + 6 + (0 - -1). What is the tens digit of (2 - 1)/(j/72)?
1
Let h = 59 + 111. What is the hundreds digit of h?
1
What is the tens digit of (5363/124)/((-2)/(-8))?
7
Suppose 3*t = -4*r + 1, 5*t = t + 5*r - 9. Let z be (3 + 3/(-3))*-2. What is the units digit of (14/z)/(t/2)?
7
Suppose 2*b + 2*b + 5*g = -3, 0 = -3*b - g - 5. Let u be ((-5)/b)/(1/2). Suppose -2*i + 5*j - j + 2 = 0, 0 = -u*i + 3*j + 33. What is the units digit of i?
9
Suppose 4*l = 2*f + f - 161, f - 54 = l. Let j = f + -28. What is the tens digit of j?
2
Let t be (-3 - (-1)/1) + 19. Suppose -8*o + 3*o - 5*i = 5, 2*o = -5*i - t. Suppose -o*w + 4*f + 32 = 0, w + f = 6*w - 32. What is the units digit of w?
6
Suppose 16 = 4*u + z - 5, 3*u - 2*z - 24 = 0. Let v(d) = d**2 - 5*d - 4. What is the units digit of v(u)?
2
Let g(s) = -s**2 - 6*s + 5. Let r be g(-6). Let q be ((-4)/10)/((-1)/r). Suppose -v - q*a = -3*a - 5, -3*v + 23 = 5*a. What is the units digit of v?
6
Let t = 53 + -31. What is the tens digit of t?
2
Suppose 5*k + 2*w - 1950 = 6*w, -k - 3*w = -371. What is the hundreds digit of k?
3
Let f(g) = 3*g**3 - 4*g**2 - 3*g**3 + 7 - g**3 + 6*g. Let s be f(-5). Suppose -16 = -2*c - s. What is the units digit of c?
7
Suppose q + 0 + 6 = 0. Let j = q + 6. Suppose -4*x - 16 = -h, j*h - 5*h + 4*x = -48. What is the units digit of h?
8
Suppose 0 = -2*o - 5*x + 7, -x = 4*o - 5*o. Suppose -4*i = -3 - o. What is the units digit of i?
1
Suppose -58 = -4*f - 2*n, -2*f + 15 = -n - 8. Suppose f*k - 240 = 8*k. What is the tens digit of k?
4
Suppose -3*n - 3 = -2*n. Let d be (0 - -1) + n + -2. What is the units digit of 18/d*(-10)/15?
3
Let x(m) = m**2 + 7*m + 5. Let h be x(-6). What is the units digit of 0 - -3 - h/(-1)?
2
Let m be -2*(6/4)/(-1). Suppose -m - 1 = -2*w. Suppose t = -w*t + 33. What is the tens digit of t?
1
Suppose -2*k = -t + 2, -5*k - 4*t + 2 + 6 = 0. Let j be 60/27 + (-2)/9. Let q = k + j. What is the units digit of q?
2
Suppose a + 1 = -1. Let i = 1 - a. What is the units digit of 5 - (-4)/(6/i)?
7
Let y(c) = c**2 + c - 2. Let q be y(-2). What is the units digit of (0 + -1)*(-5 - q)?
5
Let w be 0/((1 - 0)*-1). What is the units digit of -2 + -1 - (-32 - w)?
9
What is the units digit of 25/10 + 1/2?
3
Let s = -5 - -6. Suppose 2*x = 5 + s. What is the units digit of x?
3
Suppose 0*t = -5*t + 175. Let u = 53 - t. Suppose 3*v = -0*v + u. What is the units digit of v?
6
Suppose 2*r - 51 = r. What is the tens digit of r?
5
Suppose -3*o + 57 = -45. What is the tens digit of o?
3
Suppose -3*f + 2*f = -2. Suppose -m + f*m = 38. What is the tens digit of m?
3
Suppose -4*i = 3*s - 21, 0 = 3*i - 5*s + 4 + 2. Suppose 0 = -u - 5*a + 18, 0*a = 3*u - i*a - 18. What is the units digit of u?
8
Let y(c) = -c**3 + 2*c. Let l be y(-2). Suppose -14 = -z + l. What is the tens digit of z?
1
Suppose -j - 4 = -5*l, -2*j + 6*j = 4*l. Let y(r) = 43*r**3 - r**2 - r + 1. What is the units digit of y(l)?
2
Suppose -4*q - o + 2 = -3*o, 0 = 2*o + 10. Let x = q + 8. What is the units digit of x?
6
Suppose -4*g + 54 = -66. What is the tens digit of g?
3
Suppose -4*o - h = -32, -6*o + 3*o + 9 = -3*h. Let x = o - 3. What is the units digit of x?
4
Let f(c) be the second derivative of c**3/6 + 11*c**2/2 + 2*c. Let t be f(-9). Suppose t*i - 3*i + 7 = 0. What is the units digit of i?
7
Suppose 2 = 2*x, x + 2*x - 33 = -3*a. Let y = a + -4. Suppose -y*d + 4*d = -14. What is the units digit of d?
7
Suppose 5*z = -15, -2*w + z = -74 - 43. What is the units digit of w?
7
Let h be -7*3*(-60)/21. Suppose n - h = -3*n. What is the units digit of n?
5
Suppose a + 5*x = x + 59, -2*a = -3*x - 173. What is the tens digit of a?
7
Suppose 5 = -t, 0 = 2*w + 2*t + 3*t + 15. Let o = 15 + w. What is the tens digit of o?
2
Let s(t) = -t**3 + 7*t**2 - 5*t - 1. Let y be s(4). Suppose -3*v + 2*v - y = -r, 4*r - v - 102 = 0. What is the tens digit of r?
2
Suppose p = 2 - 0. Suppose 0 = 4*a - 0*d - p*d + 22, 3*a + 3*d = 6. Let i = a - -10. What is the units digit of i?
7
Suppose 0 = -n + 6 - 4. Suppose -30 = -n*v - 0*v. What is the tens digit of v?
1
Let t(s) = -s**2 + 7*s - 3. Let l(a) = a - 1. Let w(f) = -3*l(f) + t(f). Let o be w(4). Suppose o = -3*j - 5 + 23. What is the units digit of j?
6
Let o(j) be the first derivative of 2*j**3/3 + 9*j**2/2 + 7*j - 1. Let z be o(-7). Suppose 0 = s + 5*g - 31, 4*s = 2*s - 5*g + z. What is the units digit of s?
1
Suppose -i - 23 = 2*t - 82, -3*i + 57 = 2*t. What is the units digit of t?
0
Let t = 2 + 3. Let b = t - -12. What is the tens digit of b?
1
Suppose -f - 4*f - 27 = -3*v, v + f - 1 = 0. Let h = v + 4. What is the units digit of h?
8
Suppose -u - 4*p + 18 = 0, 3*p + 0 - 10 = u. What is the tens digit of (23 + -1)*u/4?
1
Let r(p) = -p - 1. Let h be r(-6). Suppose -25 = 5*m - 140. What is the units digit of (-2)/(-5) + m/h?
5
Suppose -8*s = -6*s. Let l = s + 38. What is the units digit of l?
8
Let m = 4 + -6. Let l(h) = -h**2 + 4*h + 1. Let r be l(3). Let k = m + r. What is the units digit of k?
2
Let j(f) = 3*f**2 + f - 1. Let m = 7 - 4. Suppose m*l - 6 = -3. What is the units digit of j(l)?
3
Suppose -1941 + 639 = -7*f. What is the units digit of f?
6
Let q = 42 + 11. What is the units digit of q?
3
Let i be (18/(-4) + 2)*2. Let f(d) = -16*d + 1. Let b be f(i). Suppose -5*r = 31 - b. What is the units digit of r?
0
Let i(c) = c**2 + 10*c + 11. Let r be i(-8). What is the tens digit of 85*(4 - (-18)/r)?
3
Let h(c) = 3*c + 11. What is the tens digit of h(7)?
3
Let g(h) = -h**2 - 3 - 4 + 9 + 8 - 12*h. What is the units digit of g(-10)?
0
Let k(c) = -2*c**2 + 13*c - 10. Let t be k(5). Suppose t*h + 0*h - 80 = 0. What is the tens digit of h?
1
Let w = 61 + -36. What is the tens digit of w?
2
Suppose -32 = x - 5*x. Suppose -1 = q - x. What is the units digit of q?
7
Let y be 5/(-10)*-4*1. Let x(t) = -2*t**2 + 5*t + t**y - 4*t + 1. What is the units digit of x(0)?
1
Suppose 0 = -3*t - 0 - 3. Let k = -10 + 15. What is the units digit of 3*k/(-3)*t?
5
Suppose -4*n + 662 = -j, n = 2*j - 68 + 230. What is the tens digit of n?
6
Let s be ((-2)/(-7))/(2/14). Let k(c) = 6*c**2 - 4*c + 3. What is the units digit of k(s)?
9
Let w = -5 + 3. Let l be w*(-3)/((-18)/(-21)). Let d(f) = f**3 - 8*f**2 + 8*f - 4. What is the units digit of d(l)?
3
Let l(d) = -d**3 - 4*d**2 + d - 3. Let f be l(-4). Let h = f + 11. What is the units digit of h?
4
Let h(p) = -20*p**2 + 17*p + 22. Let r(z) = 7*z**2 - 6*z - 7. Let y(q) = 6*h(q) + 17*r(q). What is the units digit of y(0)?
3
Suppose -2*h = 2*a - 7 - 3, 2*a - 5*h = 10. Suppose 64 = a*q + v + v, 2*v - 4 = 0. What is the tens digit of q?
1
Let f = -138 + 246. What is the units digit of f/14 - (-2)/7?
8
Let i(b) = b**2 - 3*b - 6. Let u be i(-7). Let s = u - 44. What is the tens digit of s?
2
What is the tens digit of -6*(1 - (-36)/(-4))?
4
Let x(m) = m - 1 - 8 + 16 + 10. What is the tens digit of x(-7)?
1
Let c = -9 + 9. Let g(o) = o + 3. What is the units digit of g(c)?
3
Suppose 0 = 4*g - 9 - 3. Let h = g + -1. What is the units digit of h?
2
Let i(z) be the first derivative of -z**3/3 + 7*z**2 + 11*z + 9. What is the units digit of i(11)?
4
Suppose 3*k - 175 + 34 = 0. What is the tens digit of k?
4
Let f = 4 + -5. Let y = f - -3. What is the units digit of y?
2
Suppose -84 = 2*d - 8*d. What is the tens digit of d?
1
Suppose 5 = 3*n + 2*n. Suppose -2*s - 3 - n = 0. What is the units digit of (-1)/((-2)/16) + s?
6
Let q(l) = 0 + l + 0 + 2 + 0. Let r be q(8). What is the units digit of (22/4)/(5/r)?
1
Let c(w) = w**2 + 6*w - 1. Let u be c(-5). What is the units digit of (-4)/u + (-93)/(-9)?
1
Suppose -7 = -5*u + 3. Let t = 21 + u. What is the units digit of t?
3
Let a(v) = -2*v**2 + v. Let s be a(1). Let m(i) = 0*i**2 + 0*i**2 + 94*i - 2*i**3 - 93*i. What is the units digit of m(s)?
1
Let m be (2 + 8/(-6))*78. What is the units digit of (-2)/(-6) + m/6?
9
Let y(g) = g**2 + 5*g + 5. What is the units digit of y(-4)?
1
Suppose 4*k - s = k + 10, -s - 12 = -4*k. Suppose -a = k*n + n - 8, 5*a - 116 = 4*n. What is the units digit of a?
0
Suppose -37 = -4*t + 3*t. Suppose q = 4*m + 42, -q - 2*m